l = 417 + -419. Let u be 27/l*(-10)/(-30)*-194. What is the highest common divisor of 9 and u?
9
Let p = -765 - -783. Calculate the greatest common factor of 18 and p.
18
Let y be 1*23 + (39/(-13) - 2). Let n = 211 - 145. Calculate the greatest common factor of n and y.
6
Let j = 5937 - -12898. What is the highest common factor of 5 and j?
5
Suppose 10 - 26 = -4*a. Let r(y) = -2*y + 14. Let n be r(a). Let c = -64 - -106. Calculate the greatest common divisor of c and n.
6
Let u = 4 + -1. Suppose 0 = 4*r - 6*r - 6. Let x be (-240)/(-3) - (u + r). What is the highest common divisor of 20 and x?
20
Let q be 59/((-7670)/156)*-2*(-5)/(-4). Calculate the highest common divisor of 1491 and q.
3
Suppose -4*j + 16 = 2*k, 2*j + 16 - 24 = 5*k. Let y(a) = -a**2 + 4*a + 39. Let x be y(k). What is the highest common factor of 1599 and x?
39
Let z be ((-90)/(-25))/(9/30). Let o(x) = 751*x - 7453. Let v be o(10). What is the highest common factor of z and v?
3
Suppose 0*c - 2 = y + 5*c, 3*y - 30 = 3*c. Let m be (y/6)/(2*4/24). Let n be (-13)/((-13)/32)*1. What is the greatest common factor of m and n?
4
Suppose 9*p - 11*p = -34. Let c(g) = 3*g + 29. Let f be c(-10). Let a be f/(((-3)/(-561))/(-1)). Calculate the greatest common factor of p and a.
17
Let l(i) = i**2 - 8*i - 15. Let q be l(17). Let b = -70 + q. Let r = -52 + b. Calculate the greatest common divisor of 2 and r.
2
Suppose 13*g = -5*j + 12*g + 13773, 0 = -2*j - g + 5511. What is the greatest common divisor of j and 405?
81
Let j = 12284 + -11316. What is the greatest common factor of j and 1089?
121
Suppose -5*h = -8*h + 24. Let x be h/4 - (13 - 6)*-100. What is the greatest common divisor of x and 108?
54
Suppose -5*k + 35 = 4*c, -7*k + 12*k + 3*c = 30. What is the highest common divisor of k and 32?
1
Let t = -423 - -711. Let z = 34 - 71. Let o be ((-2)/(-1))/(-2) - z. Calculate the greatest common factor of t and o.
36
Let h = -15849 + 16491. What is the greatest common factor of 96 and h?
6
Let q(b) = -10170*b + 40683. Let y be q(4). Let r(c) = 26*c**3 + c**2 - c + 1. Let l be r(1). What is the highest common factor of y and l?
3
Suppose 11*x - 10*x = 2. Suppose 0 - x = -i. Suppose -i*y - 5*s + 4*s + 18 = 0, 0 = -3*y - s + 28. What is the greatest common factor of y and 10?
10
Suppose 0 = -3*z + q + 2284, 5*z + 30*q - 35*q - 3790 = 0. What is the highest common divisor of z and 28?
7
Let s be 4 - 5/2 - 270/(-12). Calculate the highest common factor of s and 333.
3
Let u = 9313 + -9308. Suppose -3*k + 4*k - 40 = 0. What is the greatest common factor of u and k?
5
Let z = 3766 - 3696. Let v(i) = 4*i - 12. Let m be v(10). What is the highest common factor of z and m?
14
Suppose 50 - 139 + 73 = -2*n. Calculate the greatest common factor of 4020 and n.
4
Let x = 10 - -10. Suppose 0 = n + 4*s - 45, 0 = -5*s + 5 + x. What is the greatest common divisor of 625 and n?
25
Let z = 13552 + -11431. What is the greatest common factor of z and 42?
21
Let v be 16/(-72) - 1778/(-63). Suppose 4*c = 2*y - v + 72, y + 2 = 0. What is the highest common divisor of 3 and c?
1
Let l = -2181 - -2355. Let x be (-10)/15 - 184/(-6). What is the highest common factor of x and l?
6
Let o(v) = 4*v**2 + 19*v + 12. Let k(p) = 4*p**2 + 20*p + 12. Let c(u) = -4*k(u) + 5*o(u). Let g be c(5). Calculate the greatest common factor of 22 and g.
11
Let s be ((-4)/2*(-7)/(-14))/(8/(-800)). Calculate the greatest common divisor of 18550 and s.
50
Let s(i) = 2*i**3 + 22*i**2 + 32*i - 24. Let p be s(-9). Calculate the highest common divisor of 3918 and p.
6
Let g = 9300 + -4794. Calculate the highest common factor of g and 6.
6
Suppose -8221 = 21*d - 36413 - 37664. What is the highest common factor of d and 294?
98
Let v = -16175 - -48417. Calculate the greatest common factor of v and 98.
98
Let j be -2*(-1)/(-4)*(-1958 - -44). Calculate the greatest common divisor of j and 132.
33
Let k(l) be the third derivative of l**5/10 + 47*l**4/24 + 2*l**3 + 21*l**2 + 2*l. Let r be k(-8). Calculate the highest common divisor of 44 and r.
4
Let j(x) = -23*x - 9. Let t be j(-7). Let m(h) = h**2 + 11*h - 3. Let p be m(-11). Let b be (-1)/3 + (-58)/p. What is the greatest common factor of b and t?
19
Let u be 1*(-1 - (-2 + -7 + -3)). Suppose -3*d - u + 65 = 0. Let s be (d/(-8))/((-8)/256). What is the highest common divisor of s and 9?
9
Let a = 24234 - 24216. Suppose 2*z = 1070 - 242. What is the highest common divisor of a and z?
18
Let b = -28800 + 29496. What is the greatest common divisor of b and 6728?
232
Let i(a) = a**3 - 33*a**2 - 31*a - 67. Let f be i(34). Let l be 1*7*(6 - 7). Let h = 28 + l. Calculate the greatest common divisor of h and f.
7
Let f = -213 - -294. Let u = f + -72. Calculate the greatest common factor of 315 and u.
9
Let o = -4266 + 4269. Calculate the greatest common factor of o and 109.
1
Suppose 74 = -3*b + 17. Let g = b - -50. Let i = -21 + g. What is the highest common divisor of 20 and i?
10
Let l be 6/(-9)*(-1 + 112/(-2)). Let k = 60 - l. Let z be 1 + (-240)/(-11) + 4/k. What is the greatest common factor of z and 253?
23
Let m be (-8 + 2)*-2*9/12. Suppose 2*a - m + 1 = 0. Let h(q) = q**2 - 5*q + 4. Let k be h(5). What is the highest common factor of a and k?
4
Let u(y) = y**2 - y - 11. Let z be u(6). Let c = -43 + z. Let j be ((-22)/(-3))/((-4)/c). What is the highest common divisor of j and 66?
22
Let y(s) = s**2 + 9*s + 12. Let d be y(-8). Suppose -4*g + 0*x + d*x - 560 = 0, g = 4*x - 137. Let u = -66 - g. Calculate the highest common factor of u and 15.
15
Let p be ((2 - 1)/(-10 - -9))/((-1)/12). Calculate the greatest common divisor of 666 and p.
6
Let o be ((-5)/15)/(6/(-1872)). Calculate the greatest common factor of o and 13.
13
Suppose -2*k - 983 = -5*d, 2*k - 4*k + 396 = 2*d. Let l = d - 161. What is the highest common factor of l and 90?
18
Let l be -138*(-1)/(6/9). Let s(b) = -88*b + 1695. Let w be s(19). Calculate the greatest common divisor of w and l.
23
Let k be (219/7 + -3)/((-49)/(-343)). Suppose -4*d = -m - d + 12, 2*d = -m + 22. Calculate the highest common divisor of m and k.
18
Suppose 0 = -2*d + 8*n - 3*n + 113, -3*n = -2*d + 123. Let t = 2403 - 2426. Let j = t + d. Calculate the highest common divisor of j and 23.
23
Let h = 9165 + -8940. What is the highest common factor of 144 and h?
9
Let x(z) = -6*z - 87. Let d be x(-15). Suppose 64 = i + 2*n, -144 = -d*i + 4*n + 38. Calculate the highest common divisor of 496 and i.
62
Let k = -22444 + 22606. What is the highest common factor of k and 36?
18
Let s = 100 + -95. Let u(k) = k**3 - 2*k**2 - 13*k + 10. Let x be u(s). Let n = -47 + 97. What is the greatest common factor of x and n?
10
Let o be (8 + (13 - 1))*1. What is the highest common factor of 460 and o?
20
Let h be (454 - 6/3) + 3. Let u be ((-52)/(-6))/((-177)/(-2655)). Calculate the highest common factor of u and h.
65
Let w(n) = n**3 - 12*n**2 + 3*n - 20. Let d be w(8). Let b = d - -288. What is the greatest common factor of b and 24?
12
Let d(q) = -54*q + 135. Let o = 730 - 728. Let c be d(o). What is the highest common factor of c and 36?
9
Suppose 0 = 2*n - 4*q - 1996, -998 = -n + 41*q - 42*q. What is the highest common divisor of n and 4?
2
Suppose 0 = 4*g - 3*m - 1311, 10*g = 15*g + 3*m - 1605. Calculate the highest common factor of g and 180.
36
Let w be 7293/15 + 10/(-50). Let h(i) = 43*i - 892. Let l be h(22). What is the highest common factor of l and w?
54
Let y = -4867 + 5887. Calculate the greatest common factor of y and 30.
30
Suppose 5*t + 140 = -5*b, -7*t + 4*t = -5*b - 140. Let g be (74/4 + 1)*b/(-7). What is the highest common factor of 286 and g?
26
Suppose -n + 4*z = -8, 3*n + 4*z - 40 = -0*n. Let q be -42*(-19 + n - (2 - -1)). Calculate the greatest common factor of q and 120.
60
Suppose 0*r - 10*r - 152 = -482. Let y be (-16)/(-12)*18/4. What is the greatest common divisor of r and y?
3
Let q(o) = 13*o - 173. Suppose -6*r + 114 = -12. Let z be q(r). Calculate the highest common divisor of 225 and z.
25
Let t = 226 + -221. Suppose t*j - 54 = -4*p + 7*j, 5*p = 5*j + 55. Suppose 26 = 5*i - 54. Calculate the highest common divisor of i and p.
16
Suppose -34*a = -y - 29*a + 2531, -4*a = 5*y - 12452. Calculate the highest common divisor of 273 and y.
39
Suppose -20 = 